52 (base 6) to base 9.
-35
14 (base 5) to base 4
21
-2 (base 5) to base 6
-2
What is 10 (base 14) in base 16?
e
Convert 2 (base 12) to base 11.
2
102022 (base 3) to base 6
1225
What is -2 (base 3) in base 2?
-10
6b (base 12) to base 15
58
What is 143 (base 8) in base 7?
201
a (base 15) to base 5
20
-11 (base 8) to base 16
-9
-2 (base 11) to base 9
-2
Convert -c (base 14) to base 13.
-c
8 (base 10) to base 14
8
Convert -33 (base 16) to base 11.
-47
Convert -30 (base 7) to base 8.
-25
What is 16 (base 7) in base 12?
11
Convert 8 (base 13) to base 9.
8
Convert 24 (base 13) to base 4.
132
What is 6 (base 14) in base 9?
6
What is -21 (base 5) in base 7?
-14
Convert 19 (base 14) to base 11.
21
0 (base 11) to base 7
0
Convert -3 (base 12) to base 10.
-3
Convert 269 (base 11) to base 6.
1245
Convert -30 (base 14) to base 13.
-33
What is -1 (base 6) in base 7?
-1
What is 10 (base 3) in base 9?
3
What is -401 (base 6) in base 13?
-b2
Convert 1031 (base 5) to base 4.
2031
-130 (base 10) to base 16
-82
1 (base 5) to base 7
1
Convert -92 (base 13) to base 11.
-a9
Convert 2 (base 12) to base 3.
2
Convert -57 (base 11) to base 8.
-76
-20 (base 7) to base 4
-32
What is -1 (base 9) in base 8?
-1
Convert 0 (base 8) to base 3.
0
Convert -1 (base 8) to base 5.
-1
What is -16 (base 7) in base 15?
-d
35 (base 8) to base 7
41
What is -2 (base 7) in base 16?
-2
What is -2 (base 4) in base 11?
-2
-16 (base 7) to base 2
-1101
27 (base 10) to base 11
25
Convert 10011001 (base 2) to base 4.
2121
What is -13 (base 4) in base 11?
-7
What is 1a (base 12) in base 4?
112
What is 133 (base 13) in base 5?
1321
Convert 14 (base 6) to base 11.
a
Convert -7b (base 13) to base 11.
-93
Convert 32 (base 9) to base 4.
131
Convert 134 (base 10) to base 12.
b2
1002 (base 3) to base 15
1e
1011 (base 2) to base 3
102
Convert 1110111 (base 2) to base 4.
1313
Convert 111 (base 3) to base 12.
11
Convert -43 (base 6) to base 7.
-36
Convert -101 (base 4) to base 7.
-23
-274 (base 8) to base 16
-bc
3 (base 7) to base 5
3
What is 11b (base 12) in base 11?
142
What is -11100011 (base 2) in base 16?
-e3
Convert -2 (base 16) to base 5.
-2
What is -10 (base 13) in base 2?
-1101
1c (base 13) to base 9
27
Convert 4d (base 14) to base 9.
76
What is 3 (base 7) in base 3?
10
What is 11011010 (base 2) in base 14?
118
What is -310 (base 4) in base 14?
-3a
10 (base 8) to base 6
12
Convert -2 (base 10) to base 13.
-2
What is 0 (base 6) in base 7?
0
What is 13 (base 4) in base 7?
10
Convert 37 (base 16) to base 15.
3a
Convert -1 (base 10) to base 12.
-1
-1 (base 5) to base 15
-1
What is -123 (base 4) in base 13?
-21
Convert -3 (base 11) to base 10.
-3
Convert -20 (base 4) to base 7.
-11
-104 (base 8) to base 16
-44
What is -1 (base 12) in base 8?
-1
What is 7 (base 16) in base 4?
13
What is 2 (base 4) in base 14?
2
Convert -2 (base 9) to base 12.
-2
What is 223 (base 4) in base 16?
2b
What is -22 (base 11) in base 4?
-120
Convert 6 (base 13) to base 12.
6
What is -16 (base 12) in base 11?
-17
What is -3 (base 8) in base 3?
-10
Convert -4 (base 12) to base 8.
-4
What is 30 (base 14) in base 2?
101010
Convert 27 (base 10) to base 5.
102
-15 (base 8) to base 15
-d
Convert -12 (base 5) to base 12.
-7
50 (base 6) to base 7
42
2 (base 10) to base 14
2
What is -200 (base 3) in base 8?
-22
-d (base 16) to base 4
-31
Convert 17 (base 16) to base 13.
1a
1301 (base 4) to base 10
113
Convert 0 (base 6) to base 14.
0
Convert -2 (base 16) to base 5.
-2
What is -432 (base 5) in base 4?
-1311
116 (base 10) to base 14
84
-5 (base 15) to base 10
-5
3b (base 16) to base 15
3e
13 (base 8) to base 10
11
Convert -163 (base 12) to base 4.
-3123
Convert 1010000 (base 2) to base 13.
62
-1a (base 14) to base 9
-26
Convert -350 (base 6) to base 9.
-163
What is -100 (base 9) in base 16?
-51
What is -1000 (base 2) in base 6?
-12
Convert 3 (base 6) to base 11.
3
32 (base 4) to base 8
16
Convert 6 (base 11) to base 7.
6
16 (base 13) to base 5
34
Convert 1 (base 8) to base 9.
1
What is 21 (base 3) in base 12?
7
What is -1 (base 14) in base 11?
-1
What is 10 (base 2) in base 9?
2
4 (base 14) to base 11
4
4 (base 9) to base 13
4
What is 112021 (base 3) in base 13?
238
Convert -6d (base 14) to base 5.
-342
What is 4 (base 12) in base 14?
4
Convert -2 (base 14) to base 9.
-2
Convert 11012 (base 3) to base 2.
1110001
-2 (base 12) to base 6
-2
Convert -24 (base 8) to base 16.
-14
Convert -541 (base 6) to base 9.
-247
Convert 0 (base 4) to base 15.
0
What is -1211 (base 4) in base 5?
-401
1010 (base 2) to base 4
22
What is 28 (base 12) in base 15?
22
Convert -11110 (base 2) to base 3.
-1010
What is 4 (base 10) in base 7?
4
What is 21 (base 9) in base 15?
14
23 (base 10) to base 9
25
-65 (base 7) to base 3
-1202
What is 122 (base 3) in base 5?
32
23 (base 5) to base 4
31
What is -102 (base 9) in base 10?
-83
Convert 4 (base 12) to base 16.
4
What is -5 (base 15) in base 11?
-5
-33 (base 11) to base 4
-210
What is -31 (base 4) in base 2?
-1101
-1420 (base 5) to base 7
-454
Convert 101 (base 2) to base 9.
5
What is 72 (base 8) in base 12?
4a
What is -6 (base 16) in base 8?
-6
Convert 1 (base 5) to base 9.
1
12 (base 8) to base 12
a
Convert 13 (base 5) to base 2.
1000
2 (base 7) to base 2
10
Convert -3 (base 8) to base 16.
-3
Convert 4 (base 8) to base 9.
4
What is -cb (base 14) in base 10?
-179
What is 0 (base 4) in base 8?
0
What is -68 (base 10) in base 3?
-2112
-a (base 14) to base 15
-a
What is 54 (base 10) in base 8?
66
What is 11010011 (base 2) in base 5?
1321
What is 39 (base 16) in base 9?
63
What is -13 (base 12) in base 3?
-120
41 (base 12) to base 16
31
Convert -a (base 15) to base 5.
-20
Convert 205 (base 10) to base 16.
cd
Convert 0 (base 11) to base 2.
0
Convert 25 (base 8) to base 3.
210
What is 3 (base 7) in base 15?
3
What is 10 (base 5) in base 2?
101
What is -34 (base 11) in base 12?
-31
Convert 20 (base 12) to base 16.
18
-20 (base 10) to base 6
-32
What is 61 (base 11) in base 14?
4b
-200 (base 3) to base 16
-12
What is 1 (base 16) in base 12?
1
-3 (base 5) to base 11
-3
14 (base 13) to base 14
13
-1b (base 13) to base 9
-26
Convert 71 (base 9) to base 5.
224
What is -210 (base 5) in base 9?
-61
10 (base 5) to base 7
5
What is -33 (base 7) in base 14?
-1a
What is 31 (base 8) in base 16?
19
-101011 (base 2) to base 7
-61
Convert 3 (base 9) to base 7.
3
Convert -17 (base 14) to base 12.
-19
What is 1100 (base 3) in base 7?
51
Convert 9 (base 13) to base 4.
21
-34 (base 13) to base 5
-133
What is 1 (base 2) in base 6?
1
12 (base 10) to base 12
10
242 (base 8) to base 16
a2
What is 0 (base 9) in base 3?
0
Convert 1 (base 8) to base 6.
1
What is -4 (base 6) in base 3?
-11
Convert 2 (base 16) to base 14.
2
Convert -1 (base 15) to base 5.
-1
15 (base 8) to base 15
d
110 (base 3) to base 9
13
What is 10 (base 5) in base 15?
5
-4 (base 5) to base 13
-4
Convert -13 (base 4) to base 11.
-7
201 (base 6) to base 12
61
Convert 12 (base 6) to base 13.
8
47 (base 16) to base 6
155
Convert 0 (base 15) to base 9.
0
-a (base 15) to base 8
-12
Convert 54 (base 10) to base 12.
46
Convert -60 (base 8) to base 14.
-36
What is 5b (base 12) in base 2?
1000111
Convert 4 (base 7) to base 15.
4
-4 (base 7) to base 10
-4
Convert -5 (base 16) to base 9.
-5
-9 (base 10) to base 5
-14
3 (base 12) to base 15
3
What is 11 (base 11) in base 14?
c
What is -16 (base 13) in base 7?
-25
What is 1 (base 6) in base 15?
1
Convert 0 (base 4) to base 7.
0
Convert -3 (base 7) to base 8.
-3
-77 (base 13) to base 10
-98
Convert -84 (base 9) to base 13.
-5b
-3 (base 7) to base 12
-3
-23 (base 9) to base 16
-15
Convert 6 (base 16) to base 14.
6
What is 20 (base 3) in base 2?
110
Convert -101 (base 3) to base 12.
-a
180 (base 11) to base 12
155
d (base 16) to base 10
13
2 (base 16) to base 5
2
Convert -79 (base 11) to base 15.
-5b
Convert 6 (base 11) to base 15.
6
Convert -13 (base 6) to base 10.
-9
-4 (base 6) to base 14
-4
Convert -214 (base 5) to base 6.
-135
-4 (base 5) to base 12
-4
What is 20 (base 3) in base 13?
6
What is 51 (base 13) in base 4?
1002
Convert 3 (base 16) to base 6.
3
Convert c (base 13) to base 12.
10
What is 2310 (base 4) in base 15?
c0
What is 1031 (base 4) in base 6?
205
What is -21 (base 9) in base 11?
-18
Convert -1010 (base 2) to base 4.
-22
-3a